{"id":144,"date":"2023-09-05T18:00:13","date_gmt":"2023-09-05T18:00:13","guid":{"rendered":"https:\/\/beautyfacegym.cl\/?page_id=144"},"modified":"2023-11-06T15:37:38","modified_gmt":"2023-11-06T15:37:38","slug":"planes-y-membresias","status":"publish","type":"page","link":"https:\/\/beautyfacegym.cl\/index.php\/planes-y-membresias\/","title":{"rendered":"Planes y Membresias"},"content":{"rendered":"","protected":false},"excerpt":{"rendered":"","protected":false},"author":1,"featured_media":0,"parent":0,"menu_order":0,"comment_status":"open","ping_status":"closed","template":"","meta":{"footnotes":""},"class_list":["post-144","page","type-page","status-publish","hentry"],"yoast_head":"<!-- This site is optimized with the Yoast SEO plugin v21.1 - https:\/\/yoast.com\/wordpress\/plugins\/seo\/ -->\n<title>Planes y Membresias - Beauty Face Gym<\/title>\n<meta name=\"description\" content=\"El gimnasio facial es una t\u00e9cnica de ejercicios faciales dise\u00f1ados para tonificar y fortalecer los m\u00fasculos de la cara.\" \/>\n<meta name=\"robots\" content=\"index, follow, max-snippet:-1, max-image-preview:large, max-video-preview:-1\" \/>\n<link rel=\"canonical\" href=\"https:\/\/beautyfacegym.cl\/index.php\/planes-y-membresias\/\" \/>\n<meta property=\"og:locale\" content=\"es_ES\" \/>\n<meta property=\"og:type\" content=\"article\" \/>\n<meta property=\"og:title\" content=\"Planes y Membresias - Beauty Face Gym\" \/>\n<meta property=\"og:description\" content=\"El gimnasio facial es una t\u00e9cnica de ejercicios faciales dise\u00f1ados para tonificar y fortalecer los m\u00fasculos de la cara.\" \/>\n<meta property=\"og:url\" content=\"https:\/\/beautyfacegym.cl\/index.php\/planes-y-membresias\/\" \/>\n<meta property=\"og:site_name\" content=\"Beauty Face Gym\" \/>\n<meta property=\"article:modified_time\" content=\"2023-11-06T15:37:38+00:00\" \/>\n<meta name=\"twitter:card\" content=\"summary_large_image\" \/>\n<script type=\"application\/ld+json\" class=\"yoast-schema-graph\">{\"@context\":\"https:\/\/schema.org\",\"@graph\":[{\"@type\":\"WebPage\",\"@id\":\"https:\/\/beautyfacegym.cl\/index.php\/planes-y-membresias\/\",\"url\":\"https:\/\/beautyfacegym.cl\/index.php\/planes-y-membresias\/\",\"name\":\"Planes y Membresias - Beauty Face Gym\",\"isPartOf\":{\"@id\":\"https:\/\/beautyfacegym.cl\/#website\"},\"datePublished\":\"2023-09-05T18:00:13+00:00\",\"dateModified\":\"2023-11-06T15:37:38+00:00\",\"description\":\"El gimnasio facial es una t\u00e9cnica de ejercicios faciales dise\u00f1ados para tonificar y fortalecer los m\u00fasculos de la cara.\",\"breadcrumb\":{\"@id\":\"https:\/\/beautyfacegym.cl\/index.php\/planes-y-membresias\/#breadcrumb\"},\"inLanguage\":\"es\",\"potentialAction\":[{\"@type\":\"ReadAction\",\"target\":[\"https:\/\/beautyfacegym.cl\/index.php\/planes-y-membresias\/\"]}]},{\"@type\":\"BreadcrumbList\",\"@id\":\"https:\/\/beautyfacegym.cl\/index.php\/planes-y-membresias\/#breadcrumb\",\"itemListElement\":[{\"@type\":\"ListItem\",\"position\":1,\"name\":\"Portada\",\"item\":\"https:\/\/beautyfacegym.cl\/\"},{\"@type\":\"ListItem\",\"position\":2,\"name\":\"Planes y Membresias\"}]},{\"@type\":\"WebSite\",\"@id\":\"https:\/\/beautyfacegym.cl\/#website\",\"url\":\"https:\/\/beautyfacegym.cl\/\",\"name\":\"Beauty Face Gym\",\"description\":\"Gimnasio facial es una t\u00e9cnica de ejercicios faciales dise\u00f1ados para tonificar y fortalecer los m\u00fasculos de la cara.\",\"publisher\":{\"@id\":\"https:\/\/beautyfacegym.cl\/#organization\"},\"alternateName\":\"Face Gym\",\"potentialAction\":[{\"@type\":\"SearchAction\",\"target\":{\"@type\":\"EntryPoint\",\"urlTemplate\":\"https:\/\/beautyfacegym.cl\/?s={search_term_string}\"},\"query-input\":\"required name=search_term_string\"}],\"inLanguage\":\"es\"},{\"@type\":\"Organization\",\"@id\":\"https:\/\/beautyfacegym.cl\/#organization\",\"name\":\"Beauty Face Gym\",\"url\":\"https:\/\/beautyfacegym.cl\/\",\"logo\":{\"@type\":\"ImageObject\",\"inLanguage\":\"es\",\"@id\":\"https:\/\/beautyfacegym.cl\/#\/schema\/logo\/image\/\",\"url\":\"https:\/\/beautyfacegym.cl\/wp-content\/uploads\/2023\/08\/Copia-de-logo-face-gym.png\",\"contentUrl\":\"https:\/\/beautyfacegym.cl\/wp-content\/uploads\/2023\/08\/Copia-de-logo-face-gym.png\",\"width\":150,\"height\":149,\"caption\":\"Beauty Face Gym\"},\"image\":{\"@id\":\"https:\/\/beautyfacegym.cl\/#\/schema\/logo\/image\/\"},\"sameAs\":[\"https:\/\/www.instagram.com\/beautyfacegym.cl\/\"]}]}<\/script>\n<!-- \/ Yoast SEO plugin. -->","yoast_head_json":{"title":"Planes y Membresias - Beauty Face Gym","description":"El gimnasio facial es una t\u00e9cnica de ejercicios faciales dise\u00f1ados para tonificar y fortalecer los m\u00fasculos de la cara.","robots":{"index":"index","follow":"follow","max-snippet":"max-snippet:-1","max-image-preview":"max-image-preview:large","max-video-preview":"max-video-preview:-1"},"canonical":"https:\/\/beautyfacegym.cl\/index.php\/planes-y-membresias\/","og_locale":"es_ES","og_type":"article","og_title":"Planes y Membresias - Beauty Face Gym","og_description":"El gimnasio facial es una t\u00e9cnica de ejercicios faciales dise\u00f1ados para tonificar y fortalecer los m\u00fasculos de la cara.","og_url":"https:\/\/beautyfacegym.cl\/index.php\/planes-y-membresias\/","og_site_name":"Beauty Face Gym","article_modified_time":"2023-11-06T15:37:38+00:00","twitter_card":"summary_large_image","schema":{"@context":"https:\/\/schema.org","@graph":[{"@type":"WebPage","@id":"https:\/\/beautyfacegym.cl\/index.php\/planes-y-membresias\/","url":"https:\/\/beautyfacegym.cl\/index.php\/planes-y-membresias\/","name":"Planes y Membresias - Beauty Face Gym","isPartOf":{"@id":"https:\/\/beautyfacegym.cl\/#website"},"datePublished":"2023-09-05T18:00:13+00:00","dateModified":"2023-11-06T15:37:38+00:00","description":"El gimnasio facial es una t\u00e9cnica de ejercicios faciales dise\u00f1ados para tonificar y fortalecer los m\u00fasculos de la cara.","breadcrumb":{"@id":"https:\/\/beautyfacegym.cl\/index.php\/planes-y-membresias\/#breadcrumb"},"inLanguage":"es","potentialAction":[{"@type":"ReadAction","target":["https:\/\/beautyfacegym.cl\/index.php\/planes-y-membresias\/"]}]},{"@type":"BreadcrumbList","@id":"https:\/\/beautyfacegym.cl\/index.php\/planes-y-membresias\/#breadcrumb","itemListElement":[{"@type":"ListItem","position":1,"name":"Portada","item":"https:\/\/beautyfacegym.cl\/"},{"@type":"ListItem","position":2,"name":"Planes y Membresias"}]},{"@type":"WebSite","@id":"https:\/\/beautyfacegym.cl\/#website","url":"https:\/\/beautyfacegym.cl\/","name":"Beauty Face Gym","description":"Gimnasio facial es una t\u00e9cnica de ejercicios faciales dise\u00f1ados para tonificar y fortalecer los m\u00fasculos de la cara.","publisher":{"@id":"https:\/\/beautyfacegym.cl\/#organization"},"alternateName":"Face Gym","potentialAction":[{"@type":"SearchAction","target":{"@type":"EntryPoint","urlTemplate":"https:\/\/beautyfacegym.cl\/?s={search_term_string}"},"query-input":"required name=search_term_string"}],"inLanguage":"es"},{"@type":"Organization","@id":"https:\/\/beautyfacegym.cl\/#organization","name":"Beauty Face Gym","url":"https:\/\/beautyfacegym.cl\/","logo":{"@type":"ImageObject","inLanguage":"es","@id":"https:\/\/beautyfacegym.cl\/#\/schema\/logo\/image\/","url":"https:\/\/beautyfacegym.cl\/wp-content\/uploads\/2023\/08\/Copia-de-logo-face-gym.png","contentUrl":"https:\/\/beautyfacegym.cl\/wp-content\/uploads\/2023\/08\/Copia-de-logo-face-gym.png","width":150,"height":149,"caption":"Beauty Face Gym"},"image":{"@id":"https:\/\/beautyfacegym.cl\/#\/schema\/logo\/image\/"},"sameAs":["https:\/\/www.instagram.com\/beautyfacegym.cl\/"]}]}},"_links":{"self":[{"href":"https:\/\/beautyfacegym.cl\/index.php\/wp-json\/wp\/v2\/pages\/144","targetHints":{"allow":["GET"]}}],"collection":[{"href":"https:\/\/beautyfacegym.cl\/index.php\/wp-json\/wp\/v2\/pages"}],"about":[{"href":"https:\/\/beautyfacegym.cl\/index.php\/wp-json\/wp\/v2\/types\/page"}],"author":[{"embeddable":true,"href":"https:\/\/beautyfacegym.cl\/index.php\/wp-json\/wp\/v2\/users\/1"}],"replies":[{"embeddable":true,"href":"https:\/\/beautyfacegym.cl\/index.php\/wp-json\/wp\/v2\/comments?post=144"}],"version-history":[{"count":1,"href":"https:\/\/beautyfacegym.cl\/index.php\/wp-json\/wp\/v2\/pages\/144\/revisions"}],"predecessor-version":[{"id":145,"href":"https:\/\/beautyfacegym.cl\/index.php\/wp-json\/wp\/v2\/pages\/144\/revisions\/145"}],"wp:attachment":[{"href":"https:\/\/beautyfacegym.cl\/index.php\/wp-json\/wp\/v2\/media?parent=144"}],"curies":[{"name":"wp","href":"https:\/\/api.w.org\/{rel}","templated":true}]}}